{"id":9,"date":"2025-11-25T08:01:00","date_gmt":"2025-11-25T08:01:00","guid":{"rendered":"https:\/\/wpvip.ipsen.digital\/increlex\/?page_id=9"},"modified":"2026-04-02T22:56:16","modified_gmt":"2026-04-02T22:56:16","slug":"home","status":"publish","type":"page","link":"https:\/\/wpvip.ipsen.digital\/increlex-fr\/","title":{"rendered":"Home"},"content":{"rendered":"<section class=\"full-width alignfull is-style-light-gray wp-block-ipsen-section\">\n    <div class=\"wp-block-ipsen-section__content\">\n        \n\n<div class=\"has-2-columns wp-block-ipsen-columns\">\n    \n\n<div class=\"wp-block-ipsen-wrapper\">\n    \n\n<h1 class=\"wp-block-heading has-secondary-color has-text-color has-link-color wp-elements-68b5e264c4bea251b8425cc3148aa0fb\" style=\"margin-bottom:var(--wp--preset--spacing--base-x-4)\"><strong>En savoir plus sur<\/strong><br>Increlex<sup>MD<\/sup><\/h1>\n\n\n\n<p class=\"has-secondary-color has-text-color has-link-color has-xl-font-size wp-elements-f068a0a0274df8b2318a167bcf3a53b7\" style=\"margin-bottom:var(--wp--preset--spacing--base-x-2)\">Votre r\u00e9f\u00e9rence pour trouver des ressources li\u00e9es au produit et des renseignements sur le programme de soutien aux patients IPSEN CARES<sup>MD<\/sup><\/p>\n\n\n\n<p class=\"has-secondary-color has-text-color has-link-color has-md-font-size wp-elements-56dd4a8451430067ccdd860e2dac4433\">Ce site s\u2019adresse \u00e0 un public canadien. Veuillez choisir une option pour continuer.<\/p>\n\n<\/div>\n\n\n\n<div class=\"wp-block-ipsen-wrapper\">\n    \n<section style=\"padding-top:0;padding-bottom:0;\" class=\"full-width alignfull is-style-default wp-block-ipsen-section has-background has-white-background-color\">\n    <div class=\"wp-block-ipsen-section__content\">\n        \n\n<div class=\"has-2-columns wp-block-ipsen-columns\">\n    \n\n<div class=\"wp-block-ipsen-wrapper\">\n    \n\n<h2 class=\"wp-block-heading has-text-align-left has-dark-gray-color has-text-color has-link-color wp-elements-bc67d6e26800d15dc25c387b80bc8c22\" style=\"margin-left:var(--wp--preset--spacing--base-three-halves)\"><br><br><br><br><strong>Je suis un<\/strong> professionnel<br>de la sant\u00e9<\/h2>\n\n\n\n<p class=\"has-text-align-left\"><\/p>\n\n\n\n<div class=\"wp-block-buttons is-content-justification-center is-layout-flex wp-container-core-buttons-is-layout-a89b3969 wp-block-buttons-is-layout-flex\">\n<div class=\"wp-block-button is-style-primary\"><a class=\"wp-block-button__link wp-element-button\">Entrer <svg xmlns=\"http:\/\/www.w3.org\/2000\/svg\" width=\"9\" height=\"16\" fill=\"none\" aria-hidden=\"true\"><path stroke=\"currentColor\" stroke-width=\"1.2\" d=\"m.426 15.125 7.35-7.35L.424.425\"\/><\/svg><\/a><\/div>\n<\/div>\n\n<\/div>\n\n\n\n<div class=\"wp-block-ipsen-wrapper\">\n    \n\n<figure class=\"wp-block-ipsen-image\">\n    <div class=\"wp-block-ipsen-image__wrap\">\n        \n<picture>\n    <img src=\"https:\/\/wpvip.ipsen.digital\/increlex-fr\/wp-content\/uploads\/sites\/110\/2025\/11\/imgi_5_hcp-card-img.jpg?w=300\" width=\"300\" height=\"368\" srcset=\"\" sizes=\"auto, (max-width: 300px) 100vw, 300px\" alt=\"\" decoding=\"async\" loading=\"lazy\" \/>\n<\/picture>\n            <\/div>\n    <\/figure>\n\n<\/div>\n\n<\/div>\n\n    <\/div>\n<\/section>\n\n\n\n<section style=\"padding-top:0;padding-bottom:0;\" class=\"full-width alignfull is-style-default wp-block-ipsen-section has-background has-white-background-color\">\n    <div class=\"wp-block-ipsen-section__content\">\n        \n\n<div class=\"has-2-columns wp-block-ipsen-columns\">\n    \n\n<div class=\"wp-block-ipsen-wrapper\">\n    \n\n<h2 class=\"wp-block-heading has-text-align-left has-dark-gray-color has-text-color has-link-color wp-elements-057d49a214d3059507bfe2e7a16389bf\" style=\"margin-left:var(--wp--preset--spacing--base-three-halves)\"><br><br><br><br><strong>Je suis un<\/strong> patient<\/h2>\n\n\n\n<div class=\"wp-block-buttons is-content-justification-center is-layout-flex wp-container-core-buttons-is-layout-a89b3969 wp-block-buttons-is-layout-flex\">\n<div class=\"wp-block-button is-style-secondary\"><a class=\"wp-block-button__link wp-element-button\">Entrer <svg xmlns=\"http:\/\/www.w3.org\/2000\/svg\" width=\"9\" height=\"16\" fill=\"none\" aria-hidden=\"true\"><path stroke=\"currentColor\" stroke-width=\"1.2\" d=\"m.426 15.125 7.35-7.35L.424.425\"\/><\/svg><\/a><\/div>\n<\/div>\n\n<\/div>\n\n\n\n<div class=\"wp-block-ipsen-wrapper\">\n    \n\n<figure class=\"wp-block-ipsen-image\">\n    <div class=\"wp-block-ipsen-image__wrap\">\n        \n<picture>\n    <img src=\"https:\/\/wpvip.ipsen.digital\/increlex-fr\/wp-content\/uploads\/sites\/110\/2025\/11\/imgi_6_patient-card-img.jpg?w=300\" width=\"300\" height=\"368\" srcset=\"\" sizes=\"auto, (max-width: 300px) 100vw, 300px\" alt=\"\" decoding=\"async\" loading=\"lazy\" \/>\n<\/picture>\n            <\/div>\n    <\/figure>\n\n<\/div>\n\n<\/div>\n\n    <\/div>\n<\/section>\n\n\n<\/div>\n\n<\/div>\n\n    <\/div>\n<\/section>\n\n","protected":false},"excerpt":{"rendered":"","protected":false},"author":35,"featured_media":0,"parent":0,"menu_order":0,"comment_status":"closed","ping_status":"closed","template":"template-no-title","meta":{"_user_content_segmentation__post_segment_selection":[],"ipsen-approval-number":"","ipsen-post-related":[],"ipsen-off-label-enabled":false,"ipsen-off-label-message":"","editor_notices":[],"footnotes":""},"ipsen-author":[],"class_list":["post-9","page","type-page","status-publish","hentry"],"_links":{"self":[{"href":"https:\/\/wpvip.ipsen.digital\/increlex-fr\/wp-json\/wp\/v2\/pages\/9","targetHints":{"allow":["GET"]}}],"collection":[{"href":"https:\/\/wpvip.ipsen.digital\/increlex-fr\/wp-json\/wp\/v2\/pages"}],"about":[{"href":"https:\/\/wpvip.ipsen.digital\/increlex-fr\/wp-json\/wp\/v2\/types\/page"}],"author":[{"embeddable":true,"href":"https:\/\/wpvip.ipsen.digital\/increlex-fr\/wp-json\/wp\/v2\/users\/35"}],"replies":[{"embeddable":true,"href":"https:\/\/wpvip.ipsen.digital\/increlex-fr\/wp-json\/wp\/v2\/comments?post=9"}],"version-history":[{"count":3,"href":"https:\/\/wpvip.ipsen.digital\/increlex-fr\/wp-json\/wp\/v2\/pages\/9\/revisions"}],"predecessor-version":[{"id":83,"href":"https:\/\/wpvip.ipsen.digital\/increlex-fr\/wp-json\/wp\/v2\/pages\/9\/revisions\/83"}],"wp:attachment":[{"href":"https:\/\/wpvip.ipsen.digital\/increlex-fr\/wp-json\/wp\/v2\/media?parent=9"}],"wp:term":[{"taxonomy":"ipsen-author","embeddable":true,"href":"https:\/\/wpvip.ipsen.digital\/increlex-fr\/wp-json\/wp\/v2\/ipsen-author?post=9"}],"curies":[{"name":"wp","href":"https:\/\/api.w.org\/{rel}","templated":true}]}}